 = -356. Calculate the remainder when 431 is divided by u.
83
Let k = -67 + 66. Let i(s) = s + 3. Let n be i(k). Let t = 117 + n. Calculate the remainder when t is divided by 24.
23
Let x(n) = 2*n - 8. Suppose 6*r = 11*r - 30. What is the remainder when 89 is divided by x(r)?
1
Let w be ((-52)/8 + -1)*8/12. Let n be 96/(-20) + 5 - 144/w. Calculate the remainder when 142 is divided by -4 + 5 + -1 + 0 + n.
26
Let d = -18383 - -31376. What is the remainder when d is divided by 21?
15
What is the remainder when 4269 + 2 + -24 + -13 is divided by 529?
2
Let t = -18 - -43. Calculate the remainder when (-7 - -6)/((2/4)/((-1593)/54)) is divided by t.
9
Let h = 3137 - 3105. Calculate the remainder when 63 is divided by h.
31
Let n(b) = 12*b**2 + 31*b + 36. Calculate the remainder when 167 is divided by n(-4).
63
Let r(h) = 2*h - 19. Let a be r(11). Suppose 3*c - 5*c - 5*g = -177, -a*c + 3*g + 276 = 0. What is the remainder when c is divided by 19?
15
Let y = -256 + 202. What is the remainder when 2657/11 - y/(-99) is divided by 27?
25
What is the remainder when 10079 is divided by (-1924)/5291 + (-1002)/(-33)*1?
29
Let w = 640 + -510. Let o(r) = 2*r**2 - 10*r - 38. What is the remainder when w is divided by o(-4)?
28
Let s = -8095 + 9574. What is the remainder when s is divided by 47?
22
Let h = 106 + -101. Suppose 2*q - 77 = h. What is the remainder when q is divided by 22?
19
Let o = 33231 + -31932. What is the remainder when o is divided by 433?
0
Let g(l) = 162*l - 2636. What is the remainder when 298 is divided by g(17)?
62
Let q(g) = -g**2 + 19*g. Let o = -441 + 382. Let l = o - -105. What is the remainder when q(9) is divided by l?
44
Suppose -2*g + 3*l - 17 = 1, -5*l + 23 = -g. Suppose -3*c - 206 = -3*a - 4*c, -276 = -4*a - c. What is the remainder when a is divided by (-1 - -4) + 19 + g?
13
Suppose -2*z = -s + z + 297, z = -5. Calculate the remainder when s is divided by 201.
81
Let p = 114 - 59. Let t(a) = 12*a + 148. Let m(j) = 2*j - 15. Let r be m(2). Calculate the remainder when p is divided by t(r).
7
Suppose 49*b + 44*b = 9579. Let i(h) = 2*h**2 + 4. What is the remainder when b is divided by i(4)?
31
Suppose 318 = 3*q - j - 2*j, 0 = 2*q - j - 215. Let h(m) = 11*m - 443. Calculate the remainder when q is divided by h(43).
19
Suppose -4*l = 5*p - 959, -2*p = 31*l - 35*l + 994. What is the remainder when 266 is divided by l?
20
Suppose -3041 = -75*k + 4234. Let t = -118 - -171. What is the remainder when k is divided by t?
44
Let k be (14/(-21))/(14/(-105)). Suppose 3*j + 0*j - 84 = 3*v, 5*j - 150 = -k*v. Calculate the remainder when 607 is divided by j.
27
Let z = 43 + -47. Let c = 9 + z. Calculate the remainder when 28 is divided by c.
3
Let f(g) be the first derivative of 85*g**3/3 - g**2/2 - 4*g - 40. What is the remainder when f(-2) is divided by 31?
28
Suppose 135057 = 108*q - 111615. What is the remainder when q is divided by 9?
7
Let a be ((-8)/3)/((-56)/(-3444)). What is the remainder when 129 is divided by (a/(-8) + -9)*6?
60
Suppose 15141 = -24*n + 15669. Suppose 0 = -3*d - 0 - 3. What is the remainder when n is divided by -2 + d*(-11 + 0)?
4
Let i(n) = 21*n**2 + 335*n + 2595. Calculate the remainder when i(-8) is divided by 13.
11
Let m(s) = 102*s**2 - 16*s - 16. What is the remainder when 332 is divided by m(-1)?
26
Let g be (3/4)/((-3)/2)*-110. Suppose -4*s + 2*c = -g - 53, s = 4*c + 20. Suppose 0 = i + i - 104. What is the remainder when i is divided by s?
24
Suppose 3272 = 2*l + 64*f - 60*f, 2*l + 3*f = 3269. Calculate the remainder when l is divided by 8.
6
Let p = -2016 + 3912. What is the remainder when p is divided by 620?
36
Suppose r = -2*g + 9, 0*g + 12 = r + 3*g. Suppose 0 = -2*z + r*m + 71, 3*m + 48 = -3*z + 147. Calculate the remainder when z is divided by -6*(1/3 - 8/6).
4
Let c(t) = t**3 + 14*t**2 - 55*t - 18. What is the remainder when 256 is divided by c(-17)?
6
Calculate the remainder when 209 is divided by (1/1)/(22*(-20)/(-32120)).
63
Suppose -2*s = -5*z - 7*s + 660, -705 = -5*z + 4*s. Suppose 3*k - 3*q - 149 = k, 2*k + q = z. What is the remainder when k is divided by 9?
7
Suppose z - 40 = -2*m - 3*z, -14*m = -z - 309. Let j = 365 + 138. Calculate the remainder when j is divided by m.
19
Let z(u) = -u**3 + 6*u**2 + 12*u + 37. Let p be z(8). Suppose 0 = -5*d + 2*d - x + 914, 3*d - p*x = 938. What is the remainder when d is divided by 77?
75
Suppose f = 2*q - 3 - 7, -3*q - 27 = 2*f. Let l(d) = -3*d - 3. Let v be l(f). Suppose v = -0*o + 3*o. What is the remainder when 20 is divided by o?
9
Let x be (6/(-18))/((-3)/18). Suppose -2*q + 64 = x*q. Calculate the remainder when 2/(-2 + (-192)/(-94)) is divided by q.
15
Let v(l) = 3*l + 13. Let z(a) = -a**2 + 23*a + 569. Calculate the remainder when z(-12) is divided by v(13).
45
Let w = 25759 - 25734. What is the remainder when 11112/30 - 3/(-5) is divided by w?
21
Suppose -10*q = 4*f - 2096, 3*q - 888*f = -892*f + 668. Let w(x) = 23*x**3 - x**2 + 1. What is the remainder when q is divided by w(1)?
20
Let q(x) = -6*x**2 - 7*x + 13. Let n be q(3). Let g = n - -156. Suppose 42 = 3*u + 6. What is the remainder when g is divided by u?
10
Let x(t) = -10*t**3 - 56*t**2 - 20*t - 85. Let i(d) = -8*d - 2. What is the remainder when x(-6) is divided by i(-6)?
41
Let p(v) = -v**3 - 9*v**2 - 2*v + 25. Let g be p(-8). Let q = g + 138. What is the remainder when q is divided by 39?
37
Suppose 82*q - 668250 = -512*q. What is the remainder when q is divided by 338?
111
Let s = -38 + 114. Suppose 7*r = 3*r + s. Calculate the remainder when 34 is divided by r.
15
Let t(x) = 24*x**3 - x**2 + x - 1. Let u(q) = 36*q - 143. Let h be u(4). Calculate the remainder when 65 is divided by t(h).
19
Let z(s) = s**3 - 40*s**2 + 110*s - 202. Calculate the remainder when z(40) is divided by 75.
73
Let a(x) = 10*x**2 + 3*x + x**3 - 2*x**3 + 6*x - 3*x**2 - 3. Suppose -4*l = -21 - 47. Calculate the remainder when l is divided by a(8).
2
Calculate the remainder when 400 is divided by (-23)/345*-6*(1 - -59).
16
Let n(j) = j**2 - 26 + 19*j + 32 + 63. Calculate the remainder when 79 is divided by n(-16).
16
Calculate the remainder when 39 is divided by ((98/(-20) - 0) + (-48)/(-120))*-2.
3
Let c = -149 + 222. Let y(q) = -8*q - 99. Let o be y(-35). Let l = -155 + o. What is the remainder when c is divided by l?
21
Let y = -430 + 685. Calculate the remainder when y is divided by 139.
116
Let w(c) = 91*c + 524. Calculate the remainder when w(6) is divided by 21.
20
Suppose 0 = 2*q - q - 24. Let w = -720 - -727. Calculate the remainder when q is divided by w.
3
Let h(m) = m**3 + 137*m**2 - 162*m - 189. What is the remainder when h(-138) is divided by 69?
18
Let p be (-68 - -46)*(0 - -2)/(-1). Let b(s) = 8*s - 1. Calculate the remainder when b(2) is divided by 28/(-70) + p/10.
3
Suppose 0*h - l = -h + 135, -2*h = -5*l - 276. Calculate the remainder when 10639 is divided by h.
132
Let x = -12 - -20. Let w be 152/x*(2 - -2). Suppose n = -n + p + 157, -n = -p - w. What is the remainder when n is divided by 21?
18
Let z = 49987 + -49947. What is the remainder when ((-3)/(-1))/(1/49) is divided by z?
27
Suppose 0 = -5*z + 2*r + 11, 18 - 22 = -2*r. Let t = 7 + 46. What is the remainder when t is divided by z?
2
Let y = -12 + 17. Suppose 0 = 18*i + 163 - 757. Calculate the remainder when 5*(i/15 + -3)*-8 is divided by y.
2
Suppose -4*y - 709 = -w + 483, 0 = -3*w + 4*y + 3624. What is the remainder when w is divided by 87?
85
Let p be (-13)/(-91) + (-698)/(-14). Suppose 3*j + 2*j - 2*v - 338 = 0, 0 = j - 3*v - 78. Let a = j - p. What is the remainder when 77 is divided by a?
13
Let z(c) = 6*c**2 - 885*c + 2654. Calculate the remainder when 1027 is divided by z(3).
20
Suppose 2*u - 5*f - 24 = -2*u, 0 = -u + 4*f + 6. Let s = 5331 + -5284. Calculate the remainder when s is divided by u.
5
Let k(x) = -422*x + 1061. Calculate the remainder when k(-33) is divided by 13.
11
Suppose -2*d = -5*z + 620, -5*z - 186*d = -183*d - 645. What is the remainder when 4534 is divided by z?
124
Let x = 683 - 580. Calculate the remainder when 292 is divided by x.
86
Suppose -120*q - 48 = -132*q. Let g = -5 - -5. Suppose 4*n - 196 = q*z, n + g*n = -5*z + 49. Calculate the remainder when n is divided by 13.
10
Let c be (-46)/(-115) +